{"id":3265,"date":"2019-06-07T15:48:01","date_gmt":"2019-06-07T13:48:01","guid":{"rendered":"http:\/\/francestat.com\/?page_id=3265"},"modified":"2025-03-24T16:48:28","modified_gmt":"2025-03-24T15:48:28","slug":"formation_simca","status":"publish","type":"page","link":"https:\/\/francestat.com\/index.php\/formation_simca\/","title":{"rendered":"Formation SIMCA"},"content":{"rendered":"<p>[vc_row][vc_column width=\u00a0\u00bb1\/3&Prime;][vc_empty_space][\/vc_column][vc_column width=\u00a0\u00bb2\/3&Prime;]<div id=\"ultimate-heading-81269f558bd5c86a\" class=\"uvc-heading ult-adjust-bottom-margin ultimate-heading-81269f558bd5c86a uvc-9145  uvc-heading-default-font-sizes\" data-hspacer=\"no_spacer\"  data-halign=\"center\" style=\"text-align:center\"><div class=\"uvc-heading-spacer no_spacer\" style=\"top\"><\/div><div class=\"uvc-main-heading ult-responsive\"  data-ultimate-target='.uvc-heading.ultimate-heading-81269f558bd5c86a h2'  data-responsive-json-new='{\"font-size\":\"\",\"line-height\":\"\"}' ><h2 style=\"--font-weight:theme;\">Formation au logiciel SIMCA<\/h2><\/div><\/div>[vc_empty_space][\/vc_column][\/vc_row][vc_row][vc_column width=\u00a0\u00bb1\/3&Prime;][vc_btn title=\u00a0\u00bbFormulaire d&rsquo;inscription\u00a0\u00bb align=\u00a0\u00bbcenter\u00a0\u00bb link=\u00a0\u00bburl:http%3A%2F%2Ffrancestat.com%2Ftelecharg%2FFormation%2FInscription_Formation_Francestat.pdf|title:Formulaire%20d&rsquo;inscription\u00a0\u00bb][vc_btn title=\u00a0\u00bbDemande d&rsquo;informations\u00a0\u00bb align=\u00a0\u00bbcenter\u00a0\u00bb link=\u00a0\u00bburl:http%3A%2F%2Ffrancestat.com%2Findex.php%2Fcontact%2F|title:Demande%20d&rsquo;informations\u00a0\u00bb][\/vc_column][vc_column width=\u00a0\u00bb2\/3&Prime;][vc_column_text css=\u00a0\u00bb.vc_custom_1683965772609{background-color: #f4f4f4 !important;}\u00a0\u00bb]Ma\u00eetriser les fonctionnalit\u00e9s du logiciel SIMCA pour la gestion, la manipulation et la pratique des m\u00e9thodes statistiques multivari\u00e9es dont l&rsquo;analyse en composantes principales (ACP), la m\u00e9thode NIPALS, les r\u00e9gressions PLS1, PLS2, OPLS, O2PLS, l&rsquo;analyse discriminante PLS et la m\u00e9thode SIMCA. L&rsquo;objectif de cette formation est de montrer comment convertir de larges volumes de donn\u00e9es en mod\u00e8les robustes et fiables pouvant \u00eatre ais\u00e9ment interpr\u00e9t\u00e9s.[\/vc_column_text][\/vc_column][\/vc_row][vc_row][vc_column][vc_empty_space][vc_column_text css=\u00a0\u00bb.vc_custom_1742831304820{background-color: #f4f4f4 !important;}\u00a0\u00bb]<\/p>\n<ul>\n<li><strong>R\u00e9f\u00e9rence<\/strong> : FOR-SIMCA<\/li>\n<li><strong>Dur\u00e9e<\/strong> : 3 jours, soit 21 heures en pr\u00e9sentiel<\/li>\n<li><strong>Tarif<\/strong> : 1950 \u20ac ht par inscrit (repas inclus)<\/li>\n<li><strong>Lieu<\/strong> : sur notre site (inter-entreprises) ou sur votre site (intra-entreprise)<\/li>\n<li><strong>Prochaines dates<\/strong> : nous contacter<\/li>\n<li><strong>Public concern\u00e9<\/strong> : toute personne d\u00e9sirant comprendre, analyser et mod\u00e9liser de larges volumes de donn\u00e9es<\/li>\n<li><strong>Population vis\u00e9e<\/strong> :\u00a0techniciens, ing\u00e9nieurs, chercheurs<\/li>\n<li><strong>Pr\u00e9-requis<\/strong> : connaissances des statistiques de base<\/li>\n<li><strong>M\u00e9thodes et moyens<\/strong> : explications th\u00e9oriques suivies d&rsquo;applications pratiques<\/li>\n<li><strong>M\u00e9thodes d&rsquo;\u00e9valuation des acquis<\/strong> : exercices r\u00e9guliers en cours de formation<\/li>\n<li><strong>Profil formateur<\/strong> : sp\u00e9cialiste des m\u00e9thodes d&rsquo;analyse de donn\u00e9es multivari\u00e9es en charge du support technique du logiciel SIMCA<\/li>\n<li><strong>Support stagiaire<\/strong> : support de cours papier et fichiers des exercices<\/li>\n<\/ul>\n<p>[\/vc_column_text][vc_empty_space][\/vc_column][\/vc_row][vc_row][vc_column width=\u00a0\u00bb1\/2&Prime;][vc_column_text css=\u00a0\u00bb.vc_custom_1683966061106{background-color: #f4f4f4 !important;}\u00a0\u00bb]<strong>Pr\u00e9sentation du logiciel SIMCA<\/strong><\/p>\n<p>Description des rubans disponibles selon l\u2019avancement du projet :<\/p>\n<p style=\"padding-left: 40px;\">File, Home, Data, Analyze, Predict, View, Tools<\/p>\n<p><strong>Les \u00e9tapes du d\u00e9roulement d\u2019une \u00e9tude avec SIMCA<\/strong><\/p>\n<p>Choix du type de projet : Regular, Batch, Spectroscopy, Omics<\/p>\n<p>D\u00e9marrage du projet<\/p>\n<p style=\"padding-left: 40px;\">Importation des donn\u00e9es et cr\u00e9ation du &lsquo;Dataset&rsquo;<\/p>\n<p style=\"padding-left: 40px;\">Mise en forme des donn\u00e9es<\/p>\n<p style=\"padding-left: 40px;\">Gestion des valeurs manquantes<\/p>\n<p>Visualisation, \u00e9tude pr\u00e9liminaire des donn\u00e9es<\/p>\n<p>D\u00e9tection des valeurs aberrantes<\/p>\n<p>Choix des donn\u00e9es \u00e0 utiliser dans l\u2019analyse<\/p>\n<p style=\"padding-left: 40px;\">D\u00e9finition du \u2018Workset\u2019<\/p>\n<p style=\"padding-left: 40px;\">Transformations des donn\u00e9es<\/p>\n<p style=\"padding-left: 40px;\">Filtres disponibles dans SIMCA<\/p>\n<p style=\"padding-left: 40px;\">Construction de graphiques dans SIMCA<\/p>\n<p>Ajustement d\u2019un mod\u00e8le<\/p>\n<p style=\"padding-left: 40px;\">Analyse des donn\u00e9es et interpr\u00e9tation des r\u00e9sultats : les indicateurs de la qualit\u00e9 du mod\u00e8le disponibles dans SIMCA<\/p>\n<p style=\"padding-left: 40px;\">Visualisation des scores et loadings<\/p>\n<p>Utilisation des mod\u00e8les \u00e9tablis pour de la pr\u00e9vision<\/p>\n<p><strong>NIPALS (Non Linear Iterative Partial Least Squares)<\/strong><\/p>\n<p>Analyse en composantes principales (ACP) bas\u00e9e sur un mode de calcul qui permet d\u2019utiliser toutes les donn\u00e9es disponibles dans un tableau observations x variables pr\u00e9sentant des valeurs manquantes et non pas seulement les cas complets comme les m\u00e9thodes classiques. Le nombre de composantes significatives \u00e0 retenir est d\u00e9termin\u00e9 par validation crois\u00e9e. Les observations atypiques sont rep\u00e9r\u00e9es gr\u00e2ce \u00e0 des tests et une carte de contr\u00f4le.[\/vc_column_text][\/vc_column][vc_column width=\u00a0\u00bb1\/2&Prime;][vc_column_text css=\u00a0\u00bb.vc_custom_1683964709330{background-color: #f4f4f4 !important;}\u00a0\u00bb]<strong>R\u00e9gression PLS1<\/strong><\/p>\n<p>M\u00e9thode robuste de mod\u00e9lisation d\u2019un tableau comportant une variable \u00e0 pr\u00e9dire Y en fonction d\u2019un tableau de variables pr\u00e9dictives X bas\u00e9e sur un algorithme d\u00e9riv\u00e9 de NIPALS qui consiste \u00e0 :<\/p>\n<p style=\"padding-left: 40px;\">Rechercher des composantes orthogonales (structures latentes) de X, \u00e0 la fois les plus descriptives possible de X et les plus explicatives possible de Y<\/p>\n<p style=\"padding-left: 40px;\">Effectuer la r\u00e9gression de Y sur ces composantes<\/p>\n<p style=\"padding-left: 40px;\">Exprimer les coefficients de la r\u00e9gression en fonction des variables pr\u00e9dictives elles-m\u00eames<\/p>\n<p style=\"padding-left: 40px;\">Choisir le nombre de composantes significatives par validation crois\u00e9e<\/p>\n<p style=\"padding-left: 40px;\">G\u00e9rer les valeurs manquantes<\/p>\n<p><strong>M\u00e9thodes de filtrage des donn\u00e9es<\/strong><\/p>\n<p style=\"padding-left: 40px;\">OSC (Orthogonal Signal Correction)<\/p>\n<p style=\"padding-left: 40px;\">OPLS, O2PLS (Orthogonal PLS)<\/p>\n<p><strong>R\u00e9gression PLS2<\/strong><\/p>\n<p>M\u00e9thode robuste de mod\u00e9lisation d\u2019un tableau comportant plusieurs variables \u00e0 pr\u00e9dire Y en fonction d\u2019un tableau de variables pr\u00e9dictives X bas\u00e9e sur un algorithme d\u00e9riv\u00e9 de<br \/>\nNIPALS<\/p>\n<p><strong>Analyse discriminante PLS<\/strong><\/p>\n<p>Extension de la r\u00e9gression PLS au cas o\u00f9 le tableau des variables \u00e0 pr\u00e9dire Y est constitu\u00e9 des indicatrices binaires des modalit\u00e9s d\u2019une variable qualitative<\/p>\n<p><strong>M\u00e9thode SIMCA (Soft Independent Modelling of Class Analogy)<\/strong><\/p>\n<p>Cette alternative originale \u00e0 l\u2019analyse discriminante permet, apr\u00e8s avoir caract\u00e9ris\u00e9 des classes pr\u00e9d\u00e9finies d\u2019observations en fonction d\u2019un ensemble de variables descriptives, de pr\u00e9voir la probabilit\u00e9 d\u2019appartenance \u00e0 chaque classe de nouvelles observations d\u00e9crites par le m\u00eame ensemble de variables. La phase de caract\u00e9risation consiste \u00e0 r\u00e9aliser une ACP de chaque classe en utilisant l\u2019algorithme NIPALS. La phase\u00a0 pr\u00e9dictive consiste \u00e0 calculer la distance entre chaque observation nouvelle et le mod\u00e8le d\u2019ACP de chaque classe, et d\u2019estimer la probabilit\u00e9 correspondante. Cette m\u00e9thode permet de rep\u00e9rer des observations qui n\u2019appartiennent \u00e0 aucune des classes pr\u00e9d\u00e9finies.[\/vc_column_text][\/vc_column][\/vc_row][vc_row][vc_column][\/vc_column][\/vc_row]<\/p>\n","protected":false},"excerpt":{"rendered":"<p>[vc_row][vc_column width=\u00a0\u00bb1\/3&Prime;][vc_empty_space][\/vc_column][vc_column width=\u00a0\u00bb2\/3&Prime;][vc_empty_space][\/vc_column][\/vc_row][vc_row][vc_column width=\u00a0\u00bb1\/3&Prime;][vc_btn title=\u00a0\u00bbFormulaire d&rsquo;inscription\u00a0\u00bb align=\u00a0\u00bbcenter\u00a0\u00bb link=\u00a0\u00bburl:http%3A%2F%2Ffrancestat.com%2Ftelecharg%2FFormation%2FInscription_Formation_Francestat.pdf|title:Formulaire%20d&rsquo;inscription\u00a0\u00bb][vc_btn title=\u00a0\u00bbDemande d&rsquo;informations\u00a0\u00bb align=\u00a0\u00bbcenter\u00a0\u00bb link=\u00a0\u00bburl:http%3A%2F%2Ffrancestat.com%2Findex.php%2Fcontact%2F|title:Demande%20d&rsquo;informations\u00a0\u00bb][\/vc_column][vc_column width=\u00a0\u00bb2\/3&Prime;][vc_column_text css=\u00a0\u00bb.vc_custom_1683965772609{background-color: #f4f4f4 !important;}\u00a0\u00bb]Ma\u00eetriser les fonctionnalit\u00e9s du logiciel SIMCA pour la gestion, la manipulation et la pratique des m\u00e9thodes statistiques multivari\u00e9es dont l&rsquo;analyse en composantes principales (ACP), la m\u00e9thode NIPALS, les r\u00e9gressions PLS1, PLS2, OPLS, O2PLS, l&rsquo;analyse discriminante PLS et la m\u00e9thode SIMCA.&hellip;<\/p>\n","protected":false},"author":1,"featured_media":0,"parent":0,"menu_order":0,"comment_status":"closed","ping_status":"closed","template":"","meta":{"footnotes":""},"class_list":["post-3265","page","type-page","status-publish","hentry","description-off"],"yoast_head":"<!-- This site is optimized with the Yoast SEO plugin v27.5 - https:\/\/yoast.com\/product\/yoast-seo-wordpress\/ -->\n<title>Formation SIMCA - FRANCESTAT<\/title>\n<meta name=\"description\" content=\"Formation au logiciel SIMCA d&#039;analyse et de mod\u00e9lisation de donn\u00e9es multivari\u00e9es : ACP, NIPALS, r\u00e9gressions PLS, OPLS, PLS-DA, OPLS-DA, classification SIMCA, arbres de r\u00e9gression PLS, analyse de spectres et analyses &quot;omics&quot;.\" \/>\n<meta name=\"robots\" content=\"index, follow, max-snippet:-1, max-image-preview:large, max-video-preview:-1\" \/>\n<link rel=\"canonical\" href=\"https:\/\/francestat.com\/index.php\/formation_simca\/\" \/>\n<meta property=\"og:locale\" content=\"fr_FR\" \/>\n<meta property=\"og:type\" content=\"article\" \/>\n<meta property=\"og:title\" content=\"Formation SIMCA - FRANCESTAT\" \/>\n<meta property=\"og:description\" content=\"Formation au logiciel SIMCA d&#039;analyse et de mod\u00e9lisation de donn\u00e9es multivari\u00e9es : ACP, NIPALS, r\u00e9gressions PLS, OPLS, PLS-DA, OPLS-DA, classification SIMCA, arbres de r\u00e9gression PLS, analyse de spectres et analyses &quot;omics&quot;.\" \/>\n<meta property=\"og:url\" content=\"https:\/\/francestat.com\/index.php\/formation_simca\/\" \/>\n<meta property=\"og:site_name\" content=\"FRANCESTAT\" \/>\n<meta property=\"article:modified_time\" content=\"2025-03-24T15:48:28+00:00\" \/>\n<meta name=\"twitter:card\" content=\"summary_large_image\" \/>\n<meta name=\"twitter:label1\" content=\"Dur\u00e9e de lecture estim\u00e9e\" \/>\n\t<meta name=\"twitter:data1\" content=\"4 minutes\" \/>\n<script type=\"application\/ld+json\" class=\"yoast-schema-graph\">{\"@context\":\"https:\\\/\\\/schema.org\",\"@graph\":[{\"@type\":\"WebPage\",\"@id\":\"https:\\\/\\\/francestat.com\\\/index.php\\\/formation_simca\\\/\",\"url\":\"https:\\\/\\\/francestat.com\\\/index.php\\\/formation_simca\\\/\",\"name\":\"Formation SIMCA - FRANCESTAT\",\"isPartOf\":{\"@id\":\"https:\\\/\\\/francestat.com\\\/#website\"},\"datePublished\":\"2019-06-07T13:48:01+00:00\",\"dateModified\":\"2025-03-24T15:48:28+00:00\",\"description\":\"Formation au logiciel SIMCA d'analyse et de mod\u00e9lisation de donn\u00e9es multivari\u00e9es : ACP, NIPALS, r\u00e9gressions PLS, OPLS, PLS-DA, OPLS-DA, classification SIMCA, arbres de r\u00e9gression PLS, analyse de spectres et analyses \\\"omics\\\".\",\"breadcrumb\":{\"@id\":\"https:\\\/\\\/francestat.com\\\/index.php\\\/formation_simca\\\/#breadcrumb\"},\"inLanguage\":\"fr-FR\",\"potentialAction\":[{\"@type\":\"ReadAction\",\"target\":[\"https:\\\/\\\/francestat.com\\\/index.php\\\/formation_simca\\\/\"]}]},{\"@type\":\"BreadcrumbList\",\"@id\":\"https:\\\/\\\/francestat.com\\\/index.php\\\/formation_simca\\\/#breadcrumb\",\"itemListElement\":[{\"@type\":\"ListItem\",\"position\":1,\"name\":\"Accueil\",\"item\":\"https:\\\/\\\/francestat.com\\\/\"},{\"@type\":\"ListItem\",\"position\":2,\"name\":\"Formation SIMCA\"}]},{\"@type\":\"WebSite\",\"@id\":\"https:\\\/\\\/francestat.com\\\/#website\",\"url\":\"https:\\\/\\\/francestat.com\\\/\",\"name\":\"FRANCESTAT\",\"description\":\"Logiciels, formations et services statistiques\",\"publisher\":{\"@id\":\"https:\\\/\\\/francestat.com\\\/#organization\"},\"potentialAction\":[{\"@type\":\"SearchAction\",\"target\":{\"@type\":\"EntryPoint\",\"urlTemplate\":\"https:\\\/\\\/francestat.com\\\/?s={search_term_string}\"},\"query-input\":{\"@type\":\"PropertyValueSpecification\",\"valueRequired\":true,\"valueName\":\"search_term_string\"}}],\"inLanguage\":\"fr-FR\"},{\"@type\":\"Organization\",\"@id\":\"https:\\\/\\\/francestat.com\\\/#organization\",\"name\":\"FRANCESTAT\",\"url\":\"https:\\\/\\\/francestat.com\\\/\",\"logo\":{\"@type\":\"ImageObject\",\"inLanguage\":\"fr-FR\",\"@id\":\"https:\\\/\\\/francestat.com\\\/#\\\/schema\\\/logo\\\/image\\\/\",\"url\":\"https:\\\/\\\/francestat.com\\\/wp-content\\\/uploads\\\/2018\\\/05\\\/logo_horizontal_small_francestat.jpg\",\"contentUrl\":\"https:\\\/\\\/francestat.com\\\/wp-content\\\/uploads\\\/2018\\\/05\\\/logo_horizontal_small_francestat.jpg\",\"width\":155,\"height\":51,\"caption\":\"FRANCESTAT\"},\"image\":{\"@id\":\"https:\\\/\\\/francestat.com\\\/#\\\/schema\\\/logo\\\/image\\\/\"}}]}<\/script>\n<!-- \/ Yoast SEO plugin. -->","yoast_head_json":{"title":"Formation SIMCA - FRANCESTAT","description":"Formation au logiciel SIMCA d'analyse et de mod\u00e9lisation de donn\u00e9es multivari\u00e9es : ACP, NIPALS, r\u00e9gressions PLS, OPLS, PLS-DA, OPLS-DA, classification SIMCA, arbres de r\u00e9gression PLS, analyse de spectres et analyses \"omics\".","robots":{"index":"index","follow":"follow","max-snippet":"max-snippet:-1","max-image-preview":"max-image-preview:large","max-video-preview":"max-video-preview:-1"},"canonical":"https:\/\/francestat.com\/index.php\/formation_simca\/","og_locale":"fr_FR","og_type":"article","og_title":"Formation SIMCA - FRANCESTAT","og_description":"Formation au logiciel SIMCA d'analyse et de mod\u00e9lisation de donn\u00e9es multivari\u00e9es : ACP, NIPALS, r\u00e9gressions PLS, OPLS, PLS-DA, OPLS-DA, classification SIMCA, arbres de r\u00e9gression PLS, analyse de spectres et analyses \"omics\".","og_url":"https:\/\/francestat.com\/index.php\/formation_simca\/","og_site_name":"FRANCESTAT","article_modified_time":"2025-03-24T15:48:28+00:00","twitter_card":"summary_large_image","twitter_misc":{"Dur\u00e9e de lecture estim\u00e9e":"4 minutes"},"schema":{"@context":"https:\/\/schema.org","@graph":[{"@type":"WebPage","@id":"https:\/\/francestat.com\/index.php\/formation_simca\/","url":"https:\/\/francestat.com\/index.php\/formation_simca\/","name":"Formation SIMCA - FRANCESTAT","isPartOf":{"@id":"https:\/\/francestat.com\/#website"},"datePublished":"2019-06-07T13:48:01+00:00","dateModified":"2025-03-24T15:48:28+00:00","description":"Formation au logiciel SIMCA d'analyse et de mod\u00e9lisation de donn\u00e9es multivari\u00e9es : ACP, NIPALS, r\u00e9gressions PLS, OPLS, PLS-DA, OPLS-DA, classification SIMCA, arbres de r\u00e9gression PLS, analyse de spectres et analyses \"omics\".","breadcrumb":{"@id":"https:\/\/francestat.com\/index.php\/formation_simca\/#breadcrumb"},"inLanguage":"fr-FR","potentialAction":[{"@type":"ReadAction","target":["https:\/\/francestat.com\/index.php\/formation_simca\/"]}]},{"@type":"BreadcrumbList","@id":"https:\/\/francestat.com\/index.php\/formation_simca\/#breadcrumb","itemListElement":[{"@type":"ListItem","position":1,"name":"Accueil","item":"https:\/\/francestat.com\/"},{"@type":"ListItem","position":2,"name":"Formation SIMCA"}]},{"@type":"WebSite","@id":"https:\/\/francestat.com\/#website","url":"https:\/\/francestat.com\/","name":"FRANCESTAT","description":"Logiciels, formations et services statistiques","publisher":{"@id":"https:\/\/francestat.com\/#organization"},"potentialAction":[{"@type":"SearchAction","target":{"@type":"EntryPoint","urlTemplate":"https:\/\/francestat.com\/?s={search_term_string}"},"query-input":{"@type":"PropertyValueSpecification","valueRequired":true,"valueName":"search_term_string"}}],"inLanguage":"fr-FR"},{"@type":"Organization","@id":"https:\/\/francestat.com\/#organization","name":"FRANCESTAT","url":"https:\/\/francestat.com\/","logo":{"@type":"ImageObject","inLanguage":"fr-FR","@id":"https:\/\/francestat.com\/#\/schema\/logo\/image\/","url":"https:\/\/francestat.com\/wp-content\/uploads\/2018\/05\/logo_horizontal_small_francestat.jpg","contentUrl":"https:\/\/francestat.com\/wp-content\/uploads\/2018\/05\/logo_horizontal_small_francestat.jpg","width":155,"height":51,"caption":"FRANCESTAT"},"image":{"@id":"https:\/\/francestat.com\/#\/schema\/logo\/image\/"}}]}},"_links":{"self":[{"href":"https:\/\/francestat.com\/index.php\/wp-json\/wp\/v2\/pages\/3265","targetHints":{"allow":["GET"]}}],"collection":[{"href":"https:\/\/francestat.com\/index.php\/wp-json\/wp\/v2\/pages"}],"about":[{"href":"https:\/\/francestat.com\/index.php\/wp-json\/wp\/v2\/types\/page"}],"author":[{"embeddable":true,"href":"https:\/\/francestat.com\/index.php\/wp-json\/wp\/v2\/users\/1"}],"replies":[{"embeddable":true,"href":"https:\/\/francestat.com\/index.php\/wp-json\/wp\/v2\/comments?post=3265"}],"version-history":[{"count":32,"href":"https:\/\/francestat.com\/index.php\/wp-json\/wp\/v2\/pages\/3265\/revisions"}],"predecessor-version":[{"id":6682,"href":"https:\/\/francestat.com\/index.php\/wp-json\/wp\/v2\/pages\/3265\/revisions\/6682"}],"wp:attachment":[{"href":"https:\/\/francestat.com\/index.php\/wp-json\/wp\/v2\/media?parent=3265"}],"curies":[{"name":"wp","href":"https:\/\/api.w.org\/{rel}","templated":true}]}}