{"id":6175,"date":"2023-11-04T09:27:42","date_gmt":"2023-11-04T08:27:42","guid":{"rendered":"https:\/\/francestat.com\/?page_id=6175"},"modified":"2025-09-24T09:29:25","modified_gmt":"2025-09-24T07:29:25","slug":"centurion19702","status":"publish","type":"page","link":"https:\/\/francestat.com\/index.php\/centurion19702\/","title":{"rendered":"Centurion19702"},"content":{"rendered":"<p>[vc_row][vc_column][vc_column_text]<\/p>\r\n<p>[\/vc_column_text][\/vc_column][\/vc_row][vc_row][vc_column width=\u00a0\u00bb1\/4&Prime;][vc_column_text][\/vc_column_text][\/vc_column][vc_column width=\u00a0\u00bb3\/4&Prime;]<div id=\"ultimate-heading-563269f20b2143867\" class=\"uvc-heading ult-adjust-bottom-margin ultimate-heading-563269f20b2143867 uvc-2333  uvc-heading-default-font-sizes\" data-hspacer=\"no_spacer\"  data-halign=\"center\" style=\"text-align:center\"><div class=\"uvc-heading-spacer no_spacer\" style=\"top\"><\/div><div class=\"uvc-main-heading ult-responsive\"  data-ultimate-target='.uvc-heading.ultimate-heading-563269f20b2143867 h2'  data-responsive-json-new='{\"font-size\":\"\",\"line-height\":\"\"}' ><h2 style=\"--font-weight:theme;\">Ajouts et am\u00e9liorations de la version 19.7.02<\/h2><\/div><\/div>[vc_empty_space][\/vc_column][\/vc_row][vc_row][vc_column][vc_column_text]<\/p>\r\n<p>\r\n\r\n<p>[\/vc_column_text][\/vc_column][\/vc_row][vc_row][vc_column width=\u00a0\u00bb1\/4&Prime;][vc_empty_space][vc_btn title=\u00a0\u00bbStatgraphics Centurion 19&Prime; size=\u00a0\u00bbsm\u00a0\u00bb align=\u00a0\u00bbcenter\u00a0\u00bb link=\u00a0\u00bburl:https%3A%2F%2Ffrancestat.com%2Findex.php%2Fcenturion19%2F|title:Statgraphics%20Centurion%2019&Prime;][\/vc_column][vc_column width=\u00a0\u00bb3\/4&Prime;][vc_column_text css=\u00a0\u00bb.vc_custom_1758698957904{background-color: #f4f4f4 !important;}\u00a0\u00bb]<\/p>\n<p>La version 19.7.02 apporte un ensemble d\u2019am\u00e9liorations aux proc\u00e9dures d\u2019analyse de donn\u00e9es de survie :<\/p>\n<ul>\n<li>R\u00e9gression sur donn\u00e9es de survie<\/li>\n<li>Graphiques de tests de dur\u00e9e de vie acc\u00e9l\u00e9r\u00e9s<\/li>\n<li>Tests de dur\u00e9e de vie acc\u00e9l\u00e9r\u00e9s<\/li>\n<\/ul>\n<p>[\/vc_column_text][\/vc_column][\/vc_row][vc_row][vc_column width=\u00a0\u00bb1\/4&Prime;][vc_btn title=\u00a0\u00bbPlus d&rsquo;informations\u00a0\u00bb align=\u00a0\u00bbcenter\u00a0\u00bb link=\u00a0\u00bburl:https%3A%2F%2Fwww.francestat.com%2Ftelecharg%2FCenturion%2FCenturion19603%2FRegression%20sur%20donnees%20de%20survie.pdf|title:R%C3%A9gression%20sur%20donn%C3%A9es%20de%20survie\u00a0\u00bb][\/vc_column][vc_column width=\u00a0\u00bb3\/4&Prime;][vc_column_text css=\u00a0\u00bb.vc_custom_1699090933889{background-color: #f4f4f4 !important;}\u00a0\u00bb]<\/p>\n<p><strong>R\u00e9gression sur donn\u00e9es de survie<\/strong><\/p>\n<p>Les donn\u00e9es censur\u00e9es \u00e0 gauche, \u00e0 droite et par intervalles sont maintenant autoris\u00e9es.<\/p>\n<p>Un nouveau graphique a \u00e9t\u00e9 ajout\u00e9 pour afficher la loi des temps des d\u00e9faillances.<\/p>\n<p>La dur\u00e9e moyenne avant d\u00e9faillance (MTTF) est affich\u00e9e ainsi que les quantiles.<\/p>\n<p>[\/vc_column_text][vc_single_image image=\u00a0\u00bb6180&Prime; img_size=\u00a0\u00bblarge\u00a0\u00bb alignment=\u00a0\u00bbcenter\u00a0\u00bb css=\u00a0\u00bb.vc_custom_1699090757373{background-color: #f7f7f7 !important;}\u00a0\u00bb][\/vc_column][\/vc_row][vc_row][vc_column width=\u00a0\u00bb1\/4&Prime;][vc_btn title=\u00a0\u00bbPlus d&rsquo;informations\u00a0\u00bb align=\u00a0\u00bbcenter\u00a0\u00bb link=\u00a0\u00bburl:https%3A%2F%2Fwww.francestat.com%2Ftelecharg%2FCenturion%2FCenturion19603%2FGraphiques%20de%20tests%20de%20duree%20de%20vie%20acceleres.pdf|title:Graphiques%20de%20tests%20de%20dur%C3%A9e%20de%20vie%20acc%C3%A9l%C3%A9r%C3%A9s\u00a0\u00bb][\/vc_column][vc_column width=\u00a0\u00bb3\/4&Prime;][vc_column_text css=\u00a0\u00bb.vc_custom_1699091161986{background-color: #f4f4f4 !important;}\u00a0\u00bb]<\/p>\n<p><strong>Graphiques de tests de dur\u00e9e de vie acc\u00e9l\u00e9r\u00e9s<\/strong><\/p>\n<p>Elle remplace la proc\u00e9dure \u00ab\u00a0Graphique d\u2019Arrhenius\u00a0\u00bb et permet d\u2019ajuster six mod\u00e8les diff\u00e9rents d\u2019acc\u00e9l\u00e9ration, pas uniquement le mod\u00e8le d\u2019Arrhenius\u00a0:<\/p>\n<ol>\n<li>Arrhenius<\/li>\n<li>R\u00e8gle de la puissance inverse<\/li>\n<li>Exponentiel<\/li>\n<li>Eyring<\/li>\n<li>Lin\u00e9aire<\/li>\n<li>R\u00e9ciproque<\/li>\n<\/ol>\n<p>Elle permet la conversion automatique en degr\u00e9s Kelvin si les donn\u00e9es ont \u00e9t\u00e9 saisies en degr\u00e9s Celsius.<\/p>\n<p>[\/vc_column_text][vc_single_image image=\u00a0\u00bb6185&Prime; img_size=\u00a0\u00bblarge\u00a0\u00bb alignment=\u00a0\u00bbcenter\u00a0\u00bb css=\u00a0\u00bb.vc_custom_1699091183785{background-color: #f7f7f7 !important;}\u00a0\u00bb][\/vc_column][\/vc_row][vc_row][vc_column width=\u00a0\u00bb1\/4&Prime;][vc_btn title=\u00a0\u00bbPlus d&rsquo;informations\u00a0\u00bb link=\u00a0\u00bburl:http%3A%2F%2Fwww.francestat.com%2Ftelecharg%2FCenturion%2FCenturion19603%2FTests%20de%20duree%20de%20vie%20acceleres.pdf|title:Tests%20de%20dur%C3%A9e%20de%20vie%20acc%C3%A9l%C3%A9r%C3%A9s\u00a0\u00bb][\/vc_column][vc_column width=\u00a0\u00bb3\/4&Prime;][vc_column_text css=\u00a0\u00bb.vc_custom_1699091286728{background-color: #f4f4f4 !important;}\u00a0\u00bb]<\/p>\n<p><strong>Tests de dur\u00e9e de vie acc\u00e9l\u00e9r\u00e9s<\/strong><\/p>\n<p>Cette nouvelle proc\u00e9dure utilise des donn\u00e9es de temps de d\u00e9faillances et\/ou de censures et ajuste des mod\u00e8les de r\u00e9gression similaires \u00e0 ceux de la proc\u00e9dure \u00ab\u00a0R\u00e9gression sur donn\u00e9es de survie\u00a0\u00bb. Les principales diff\u00e9rences avec cette proc\u00e9dure sont\u00a0:<\/p>\n<p>Il doit y avoir au moins un facteur d\u2019acc\u00e9l\u00e9ration quantitatif qui est suppos\u00e9 suivre l\u2019un des six mod\u00e8les d\u2019acc\u00e9l\u00e9ration list\u00e9s ci-dessus.<\/p>\n<p>Des variables quantitatives et qualitatives suppl\u00e9mentaires peuvent \u00eatre ajout\u00e9es au mod\u00e8le comme termes lin\u00e9aires.<\/p>\n<p>La loi des temps des d\u00e9faillances peut prendre sept formes diff\u00e9rentes\u00a0: Weibull, exponentielle, normale, log-normale, logistique, log-logistique ou plus petite valeur extr\u00eame. Les lois disponibles d\u00e9pendent du mod\u00e8le d\u2019acc\u00e9l\u00e9ration s\u00e9lectionn\u00e9.<\/p>\n<p>Des graphiques sont cr\u00e9\u00e9s pour chaque valeur observ\u00e9e du facteur d\u2019acc\u00e9l\u00e9ration.<\/p>\n<p>A noter que les donn\u00e9es utilis\u00e9es sont les temps observ\u00e9s des d\u00e9faillances ou des censures et non les quantiles comme dans la proc\u00e9dure \u00ab\u00a0Graphiques de tests de dur\u00e9e de vie acc\u00e9l\u00e9r\u00e9s\u00a0\u00bb.<\/p>\n<p>[\/vc_column_text][vc_single_image image=\u00a0\u00bb6188&Prime; img_size=\u00a0\u00bblarge\u00a0\u00bb alignment=\u00a0\u00bbcenter\u00a0\u00bb][\/vc_column][\/vc_row]<\/p>\n","protected":false},"excerpt":{"rendered":"<p>[vc_row][vc_column][vc_column_text] [\/vc_column_text][\/vc_column][\/vc_row][vc_row][vc_column width=\u00a0\u00bb1\/4&Prime;][vc_column_text][\/vc_column_text][\/vc_column][vc_column width=\u00a0\u00bb3\/4&Prime;][vc_empty_space][\/vc_column][\/vc_row][vc_row][vc_column][vc_column_text]<\/p>\n","protected":false},"author":1,"featured_media":0,"parent":0,"menu_order":0,"comment_status":"closed","ping_status":"closed","template":"","meta":{"footnotes":""},"class_list":["post-6175","page","type-page","status-publish","hentry","description-off"],"yoast_head":"<!-- This site is optimized with the Yoast SEO plugin v27.5 - https:\/\/yoast.com\/product\/yoast-seo-wordpress\/ -->\n<title>Centurion19702 - FRANCESTAT<\/title>\n<meta name=\"robots\" content=\"index, follow, max-snippet:-1, max-image-preview:large, max-video-preview:-1\" \/>\n<link rel=\"canonical\" href=\"https:\/\/francestat.com\/index.php\/centurion19702\/\" \/>\n<meta property=\"og:locale\" content=\"fr_FR\" \/>\n<meta property=\"og:type\" content=\"article\" \/>\n<meta property=\"og:title\" content=\"Centurion19702 - FRANCESTAT\" \/>\n<meta property=\"og:description\" content=\"[vc_row][vc_column][vc_column_text] [\/vc_column_text][\/vc_column][\/vc_row][vc_row][vc_column width=\u00a0\u00bb1\/4&Prime;][vc_column_text][\/vc_column_text][\/vc_column][vc_column width=\u00a0\u00bb3\/4&Prime;][vc_empty_space][\/vc_column][\/vc_row][vc_row][vc_column][vc_column_text]\" \/>\n<meta property=\"og:url\" content=\"https:\/\/francestat.com\/index.php\/centurion19702\/\" \/>\n<meta property=\"og:site_name\" content=\"FRANCESTAT\" \/>\n<meta property=\"article:modified_time\" content=\"2025-09-24T07:29:25+00:00\" \/>\n<meta name=\"twitter:card\" content=\"summary_large_image\" \/>\n<meta name=\"twitter:label1\" content=\"Dur\u00e9e de lecture estim\u00e9e\" \/>\n\t<meta name=\"twitter:data1\" content=\"3 minutes\" \/>\n<script type=\"application\/ld+json\" class=\"yoast-schema-graph\">{\"@context\":\"https:\\\/\\\/schema.org\",\"@graph\":[{\"@type\":\"WebPage\",\"@id\":\"https:\\\/\\\/francestat.com\\\/index.php\\\/centurion19702\\\/\",\"url\":\"https:\\\/\\\/francestat.com\\\/index.php\\\/centurion19702\\\/\",\"name\":\"Centurion19702 - FRANCESTAT\",\"isPartOf\":{\"@id\":\"https:\\\/\\\/francestat.com\\\/#website\"},\"datePublished\":\"2023-11-04T08:27:42+00:00\",\"dateModified\":\"2025-09-24T07:29:25+00:00\",\"breadcrumb\":{\"@id\":\"https:\\\/\\\/francestat.com\\\/index.php\\\/centurion19702\\\/#breadcrumb\"},\"inLanguage\":\"fr-FR\",\"potentialAction\":[{\"@type\":\"ReadAction\",\"target\":[\"https:\\\/\\\/francestat.com\\\/index.php\\\/centurion19702\\\/\"]}]},{\"@type\":\"BreadcrumbList\",\"@id\":\"https:\\\/\\\/francestat.com\\\/index.php\\\/centurion19702\\\/#breadcrumb\",\"itemListElement\":[{\"@type\":\"ListItem\",\"position\":1,\"name\":\"Accueil\",\"item\":\"https:\\\/\\\/francestat.com\\\/\"},{\"@type\":\"ListItem\",\"position\":2,\"name\":\"Centurion19702\"}]},{\"@type\":\"WebSite\",\"@id\":\"https:\\\/\\\/francestat.com\\\/#website\",\"url\":\"https:\\\/\\\/francestat.com\\\/\",\"name\":\"FRANCESTAT\",\"description\":\"Logiciels, formations et services statistiques\",\"publisher\":{\"@id\":\"https:\\\/\\\/francestat.com\\\/#organization\"},\"potentialAction\":[{\"@type\":\"SearchAction\",\"target\":{\"@type\":\"EntryPoint\",\"urlTemplate\":\"https:\\\/\\\/francestat.com\\\/?s={search_term_string}\"},\"query-input\":{\"@type\":\"PropertyValueSpecification\",\"valueRequired\":true,\"valueName\":\"search_term_string\"}}],\"inLanguage\":\"fr-FR\"},{\"@type\":\"Organization\",\"@id\":\"https:\\\/\\\/francestat.com\\\/#organization\",\"name\":\"FRANCESTAT\",\"url\":\"https:\\\/\\\/francestat.com\\\/\",\"logo\":{\"@type\":\"ImageObject\",\"inLanguage\":\"fr-FR\",\"@id\":\"https:\\\/\\\/francestat.com\\\/#\\\/schema\\\/logo\\\/image\\\/\",\"url\":\"https:\\\/\\\/francestat.com\\\/wp-content\\\/uploads\\\/2018\\\/05\\\/logo_horizontal_small_francestat.jpg\",\"contentUrl\":\"https:\\\/\\\/francestat.com\\\/wp-content\\\/uploads\\\/2018\\\/05\\\/logo_horizontal_small_francestat.jpg\",\"width\":155,\"height\":51,\"caption\":\"FRANCESTAT\"},\"image\":{\"@id\":\"https:\\\/\\\/francestat.com\\\/#\\\/schema\\\/logo\\\/image\\\/\"}}]}<\/script>\n<!-- \/ Yoast SEO plugin. -->","yoast_head_json":{"title":"Centurion19702 - FRANCESTAT","robots":{"index":"index","follow":"follow","max-snippet":"max-snippet:-1","max-image-preview":"max-image-preview:large","max-video-preview":"max-video-preview:-1"},"canonical":"https:\/\/francestat.com\/index.php\/centurion19702\/","og_locale":"fr_FR","og_type":"article","og_title":"Centurion19702 - FRANCESTAT","og_description":"[vc_row][vc_column][vc_column_text] [\/vc_column_text][\/vc_column][\/vc_row][vc_row][vc_column width=\u00a0\u00bb1\/4&Prime;][vc_column_text][\/vc_column_text][\/vc_column][vc_column width=\u00a0\u00bb3\/4&Prime;][vc_empty_space][\/vc_column][\/vc_row][vc_row][vc_column][vc_column_text]","og_url":"https:\/\/francestat.com\/index.php\/centurion19702\/","og_site_name":"FRANCESTAT","article_modified_time":"2025-09-24T07:29:25+00:00","twitter_card":"summary_large_image","twitter_misc":{"Dur\u00e9e de lecture estim\u00e9e":"3 minutes"},"schema":{"@context":"https:\/\/schema.org","@graph":[{"@type":"WebPage","@id":"https:\/\/francestat.com\/index.php\/centurion19702\/","url":"https:\/\/francestat.com\/index.php\/centurion19702\/","name":"Centurion19702 - FRANCESTAT","isPartOf":{"@id":"https:\/\/francestat.com\/#website"},"datePublished":"2023-11-04T08:27:42+00:00","dateModified":"2025-09-24T07:29:25+00:00","breadcrumb":{"@id":"https:\/\/francestat.com\/index.php\/centurion19702\/#breadcrumb"},"inLanguage":"fr-FR","potentialAction":[{"@type":"ReadAction","target":["https:\/\/francestat.com\/index.php\/centurion19702\/"]}]},{"@type":"BreadcrumbList","@id":"https:\/\/francestat.com\/index.php\/centurion19702\/#breadcrumb","itemListElement":[{"@type":"ListItem","position":1,"name":"Accueil","item":"https:\/\/francestat.com\/"},{"@type":"ListItem","position":2,"name":"Centurion19702"}]},{"@type":"WebSite","@id":"https:\/\/francestat.com\/#website","url":"https:\/\/francestat.com\/","name":"FRANCESTAT","description":"Logiciels, formations et services statistiques","publisher":{"@id":"https:\/\/francestat.com\/#organization"},"potentialAction":[{"@type":"SearchAction","target":{"@type":"EntryPoint","urlTemplate":"https:\/\/francestat.com\/?s={search_term_string}"},"query-input":{"@type":"PropertyValueSpecification","valueRequired":true,"valueName":"search_term_string"}}],"inLanguage":"fr-FR"},{"@type":"Organization","@id":"https:\/\/francestat.com\/#organization","name":"FRANCESTAT","url":"https:\/\/francestat.com\/","logo":{"@type":"ImageObject","inLanguage":"fr-FR","@id":"https:\/\/francestat.com\/#\/schema\/logo\/image\/","url":"https:\/\/francestat.com\/wp-content\/uploads\/2018\/05\/logo_horizontal_small_francestat.jpg","contentUrl":"https:\/\/francestat.com\/wp-content\/uploads\/2018\/05\/logo_horizontal_small_francestat.jpg","width":155,"height":51,"caption":"FRANCESTAT"},"image":{"@id":"https:\/\/francestat.com\/#\/schema\/logo\/image\/"}}]}},"_links":{"self":[{"href":"https:\/\/francestat.com\/index.php\/wp-json\/wp\/v2\/pages\/6175","targetHints":{"allow":["GET"]}}],"collection":[{"href":"https:\/\/francestat.com\/index.php\/wp-json\/wp\/v2\/pages"}],"about":[{"href":"https:\/\/francestat.com\/index.php\/wp-json\/wp\/v2\/types\/page"}],"author":[{"embeddable":true,"href":"https:\/\/francestat.com\/index.php\/wp-json\/wp\/v2\/users\/1"}],"replies":[{"embeddable":true,"href":"https:\/\/francestat.com\/index.php\/wp-json\/wp\/v2\/comments?post=6175"}],"version-history":[{"count":26,"href":"https:\/\/francestat.com\/index.php\/wp-json\/wp\/v2\/pages\/6175\/revisions"}],"predecessor-version":[{"id":6974,"href":"https:\/\/francestat.com\/index.php\/wp-json\/wp\/v2\/pages\/6175\/revisions\/6974"}],"wp:attachment":[{"href":"https:\/\/francestat.com\/index.php\/wp-json\/wp\/v2\/media?parent=6175"}],"curies":[{"name":"wp","href":"https:\/\/api.w.org\/{rel}","templated":true}]}}