{"id":6732,"date":"2025-04-25T10:22:11","date_gmt":"2025-04-25T08:22:11","guid":{"rendered":"https:\/\/francestat.com\/?page_id=6732"},"modified":"2026-03-10T11:45:27","modified_gmt":"2026-03-10T10:45:27","slug":"elearning-modde","status":"publish","type":"page","link":"https:\/\/francestat.com\/index.php\/elearning-modde\/","title":{"rendered":"eLearning MODDE"},"content":{"rendered":"<p>[vc_row][vc_column width=\u00a0\u00bb1\/3&Prime;][vc_empty_space][\/vc_column][vc_column width=\u00a0\u00bb2\/3&Prime;]<div id=\"ultimate-heading-998869e1b65fce738\" class=\"uvc-heading ult-adjust-bottom-margin ultimate-heading-998869e1b65fce738 uvc-6907  uvc-heading-default-font-sizes\" data-hspacer=\"no_spacer\"  data-halign=\"center\" style=\"text-align:center\"><div class=\"uvc-heading-spacer no_spacer\" style=\"top\"><\/div><div class=\"uvc-main-heading ult-responsive\"  data-ultimate-target='.uvc-heading.ultimate-heading-998869e1b65fce738 h2'  data-responsive-json-new='{\"font-size\":\"\",\"line-height\":\"\"}' ><h2 style=\"--font-weight:theme;\">eLearning MODDE Pro<\/h2><\/div><\/div>[vc_empty_space][\/vc_column][\/vc_row][vc_row][vc_column width=\u00a0\u00bb1\/3&Prime;][vc_single_image image=\u00a0\u00bb3168&Prime; alignment=\u00a0\u00bbcenter\u00a0\u00bb][vc_empty_space height=\u00a0\u00bb10px\u00a0\u00bb][vc_btn title=\u00a0\u00bbDemande d&rsquo;informations\u00a0\u00bb align=\u00a0\u00bbcenter\u00a0\u00bb link=\u00a0\u00bburl:http%3A%2F%2Ffrancestat.com%2Findex.php%2Fcontact%2F|title:Demande%20d&rsquo;informations\u00a0\u00bb][vc_empty_space height=\u00a0\u00bb10px\u00a0\u00bb][\/vc_column][vc_column width=\u00a0\u00bb2\/3&Prime;][vc_column_text css=\u00a0\u00bb.vc_custom_1745575702531{background-color: #f4f4f4 !important;}\u00a0\u00bb]Les plans d\u2019exp\u00e9riences sont utilis\u00e9s dans quatre principaux types d&rsquo;investigation : le criblage, la caract\u00e9risation des syst\u00e8mes, l&rsquo;optimisation et les tests de robustesse. Cette formation combine th\u00e9orie, cas d&rsquo;utilisation pertinents et fr\u00e9quentes d\u00e9monstrations utilisant le logiciel MODDE Pro. \u00c0 l&rsquo;issue de cette formation, les participants sauront :<\/p>\n<ul>\n<li>Cr\u00e9er des plans d&rsquo;exp\u00e9riences efficaces pour r\u00e9pondre \u00e0 l&rsquo;objectif de l&rsquo;\u00e9tude<\/li>\n<li>Analyser les donn\u00e9es exp\u00e9rimentales en utilisant des principes statistiques rigoureux<\/li>\n<li>Utiliser des outils graphiques et statistiques pour la compr\u00e9hension<\/li>\n<li>Communiquer les r\u00e9sultats sous forme graphique<\/li>\n<li>Utiliser des outils d&rsquo;optimisation num\u00e9rique et graphique<\/li>\n<li>Comprendre les limites et les possibilit\u00e9s en situation de contraintes<\/li>\n<li>Cr\u00e9er des exp\u00e9riences de suivi et enrichir un protocole de plan d&rsquo;exp\u00e9riences<\/li>\n<\/ul>\n<p>La formation se termine par un test final qui peut \u00eatre pass\u00e9 plusieurs fois. Une attestation de r\u00e9ussite est d\u00e9livr\u00e9e.[\/vc_column_text][\/vc_column][\/vc_row][vc_row][vc_column][vc_empty_space][vc_column_text css=\u00a0\u00bb.vc_custom_1773139524810{background-color: #f4f4f4 !important;}\u00a0\u00bb]<strong>R\u00e9f\u00e9rence<\/strong> : EL-MODDE<br \/>\n<strong>Dur\u00e9e<\/strong> : environ 8 heures par Internet<br \/>\n<strong>Langue<\/strong> : anglais<br \/>\n<strong>Licence du logiciel MODDE Pro<\/strong> : fournie pour 6 mois<br \/>\n<strong>Tarif<\/strong> : 500 \u20ac ht par inscrit<br \/>\n<strong>Public concern\u00e9<\/strong> : toute personne confront\u00e9e \u00e0 la r\u00e9alisation d\u2019essais, d\u00e9sireuse d\u2019en optimiser l\u2019organisation et d\u2019en maximiser les r\u00e9sultats \u00e0 l\u2019aide du logiciel Modde Pro.<br \/>\n<strong>Population vis\u00e9e<\/strong> : techniciens, ing\u00e9nieurs, chercheurs<br \/>\n<strong>Pr\u00e9-requis<\/strong> : connaissances des statistiques de base<br \/>\n<strong>M\u00e9thodes et moyens<\/strong> : explications th\u00e9oriques et applications pratiques<br \/>\n<strong>M\u00e9thodes d&rsquo;\u00e9valuation des acquis<\/strong> : exercices r\u00e9guliers en cours de formation[\/vc_column_text][vc_empty_space][\/vc_column][\/vc_row][vc_row][vc_column width=\u00a0\u00bb1\/2&Prime;][vc_column_text css=\u00a0\u00bb.vc_custom_1745589388441{background-color: #f4f4f4 !important;}\u00a0\u00bb]<strong>Partie 1 &#8211; Le\u00e7on 1<\/strong><\/p>\n<p>Pourquoi suivre une formation sur les plans d&rsquo;exp\u00e9riences\u00a0?<\/p>\n<p>Qu&rsquo;est-ce qu&rsquo;un plan d&rsquo;exp\u00e9riences\u00a0?<\/p>\n<p>D\u00e9roulement g\u00e9n\u00e9ral d&rsquo;un plan d&rsquo;exp\u00e9riences<\/p>\n<p>Les assistants de MODDE Pro<\/p>\n<p>Les quatre objectifs exp\u00e9rimentaux<\/p>\n<p>Comment le plan d&rsquo;exp\u00e9riences s&rsquo;int\u00e8gre-t-il dans le parcours de d\u00e9veloppement<\/p>\n<p>Les normes r\u00e9glementaires et industrielles d\u00e9finissant l&rsquo;utilisation des plans d&rsquo;exp\u00e9rience<\/p>\n<p>Quelques cas d&rsquo;utilisation<\/p>\n<p><strong>Partie 1 &#8211; Le\u00e7on 2<\/strong><\/p>\n<p>Plan d&rsquo;exp\u00e9rience versus un facteur \u00e0 la fois (OFAT) \/ modification d&rsquo;un facteur \u00e0 la fois (COST)<\/p>\n<p>Le concept de plan d&rsquo;exp\u00e9riences<\/p>\n<p>Premiers pas avec un plan d&rsquo;exp\u00e9riences<\/p>\n<p><strong>Partie 1 &#8211; Le\u00e7on 3<\/strong><\/p>\n<p>Introduction \u00e0 l&rsquo;objectif du criblage<\/p>\n<p>Plans factoriels complets<\/p>\n<p>D\u00e9monstration de MODDE Pro avec un focus sur l&rsquo;assistant de conception<\/p>\n<p><strong>Partie 1 &#8211; Le\u00e7on 4<\/strong><\/p>\n<p>Introduction aux plans factoriels fractionnaires<\/p>\n<p>Facteurs de confusion<\/p>\n<p>R\u00e9solution du plan<\/p>\n<p>Param\u00e8tres de qualit\u00e9 du plan<\/p>\n<p><strong>Partie 1 &#8211; Le\u00e7on 5<\/strong><\/p>\n<p>Introduction aux cas d&rsquo;utilisation<\/p>\n<p>Configuration d&rsquo;un plan de criblage<\/p>\n<p>Analyse des donn\u00e9es et r\u00e9glage du mod\u00e8le<\/p>\n<p>R\u00e9sultat du criblage et \u00e9tapes suivantes[\/vc_column_text][\/vc_column][vc_column width=\u00a0\u00bb1\/2&Prime;][vc_column_text css=\u00a0\u00bb.vc_custom_1745589268406{background-color: #f4f4f4 !important;}\u00a0\u00bb]<strong>Partie 2 \u2013 Le\u00e7on 6<\/strong><\/p>\n<p>R\u00e9capitulatif des points cl\u00e9s<\/p>\n<p>Introduction \u00e0 l&rsquo;optimisation<\/p>\n<p>Plans composites centr\u00e9s<\/p>\n<p>Randomisation et blocage<\/p>\n<p>Comparaison de diff\u00e9rents plans d&rsquo;optimisation<\/p>\n<p><strong>Partie 2 &#8211; Le\u00e7on 7<\/strong><\/p>\n<p>Introduction aux cas d&rsquo;utilisation<\/p>\n<p>Configuration du protocole d&rsquo;optimisation<\/p>\n<p>Analyse des donn\u00e9es et r\u00e9glage du mod\u00e8le<\/p>\n<p>Trac\u00e9 de contours dans MODDE Pro<\/p>\n<p>Recherche automatis\u00e9e d&rsquo;une combinaison optimale de facteurs<\/p>\n<p>Pr\u00e9dictions en validation et extrapolation du mod\u00e8le<\/p>\n<p><strong>Partie 2 &#8211; Le\u00e7on 8<\/strong><\/p>\n<p>Introduction<\/p>\n<p>Cas d&rsquo;utilisation illustrant l&rsquo;assistant d&rsquo;optimisation<\/p>\n<p>L&rsquo;assistant d&rsquo;optimisation en d\u00e9tail<\/p>\n<p>Param\u00e8tres ajustables dans l&rsquo;estimation de l&rsquo;espace de conception<\/p>\n<p><strong>Partie 2 &#8211; Le\u00e7on 9<\/strong><\/p>\n<p>Introduction \u00e0 quelques concepts courants<\/p>\n<p>PAR (Proven Acceptable Ranges) et NOR (Normal Operating Ranges)<\/p>\n<p>Liens avec l&rsquo;espace de conception<\/p>\n<p>Espace de conception versus hypercube<\/p>\n<p>Deux approches pour consid\u00e9rer PAR<\/p>\n<p>Traduire en limites de contr\u00f4le<\/p>\n<p><strong>Partie 2 &#8211; Le\u00e7on 10<\/strong><\/p>\n<p>Pr\u00e9sentation de l&rsquo;assistant de conception<\/p>\n<p>Pr\u00e9sentation de l&rsquo;assistant d&rsquo;analyse<\/p>\n<p>Pr\u00e9sentation de l&rsquo;assistant d&rsquo;optimisation[\/vc_column_text][\/vc_column][\/vc_row][vc_row][vc_column][\/vc_column][\/vc_row]<\/p>\n","protected":false},"excerpt":{"rendered":"<p>[vc_row][vc_column width=\u00a0\u00bb1\/3&Prime;][vc_empty_space][\/vc_column][vc_column width=\u00a0\u00bb2\/3&Prime;][vc_empty_space][\/vc_column][\/vc_row][vc_row][vc_column width=\u00a0\u00bb1\/3&Prime;][vc_single_image image=\u00a0\u00bb3168&Prime; alignment=\u00a0\u00bbcenter\u00a0\u00bb][vc_empty_space height=\u00a0\u00bb10px\u00a0\u00bb][vc_btn title=\u00a0\u00bbDemande d&rsquo;informations\u00a0\u00bb align=\u00a0\u00bbcenter\u00a0\u00bb link=\u00a0\u00bburl:http%3A%2F%2Ffrancestat.com%2Findex.php%2Fcontact%2F|title:Demande%20d&rsquo;informations\u00a0\u00bb][vc_empty_space height=\u00a0\u00bb10px\u00a0\u00bb][\/vc_column][vc_column width=\u00a0\u00bb2\/3&Prime;][vc_column_text css=\u00a0\u00bb.vc_custom_1745575702531{background-color: #f4f4f4 !important;}\u00a0\u00bb]Les plans d\u2019exp\u00e9riences sont utilis\u00e9s dans quatre principaux types d&rsquo;investigation : le criblage, la caract\u00e9risation des syst\u00e8mes, l&rsquo;optimisation et les tests de robustesse. Cette formation combine th\u00e9orie, cas d&rsquo;utilisation pertinents et fr\u00e9quentes d\u00e9monstrations utilisant le logiciel MODDE Pro. \u00c0 l&rsquo;issue&hellip;<\/p>\n","protected":false},"author":1,"featured_media":0,"parent":0,"menu_order":0,"comment_status":"closed","ping_status":"closed","template":"","meta":{"footnotes":""},"class_list":["post-6732","page","type-page","status-publish","hentry","description-off"],"yoast_head":"<!-- This site is optimized with the Yoast SEO plugin v27.4 - https:\/\/yoast.com\/product\/yoast-seo-wordpress\/ -->\n<title>eLearning MODDE - FRANCESTAT<\/title>\n<meta name=\"robots\" content=\"index, follow, max-snippet:-1, max-image-preview:large, max-video-preview:-1\" \/>\n<link rel=\"canonical\" href=\"https:\/\/francestat.com\/index.php\/elearning-modde\/\" \/>\n<meta property=\"og:locale\" content=\"fr_FR\" \/>\n<meta property=\"og:type\" content=\"article\" \/>\n<meta property=\"og:title\" content=\"eLearning MODDE - FRANCESTAT\" \/>\n<meta property=\"og:description\" content=\"[vc_row][vc_column width=\u00a0\u00bb1\/3&Prime;][vc_empty_space][\/vc_column][vc_column width=\u00a0\u00bb2\/3&Prime;][vc_empty_space][\/vc_column][\/vc_row][vc_row][vc_column width=\u00a0\u00bb1\/3&Prime;][vc_single_image image=\u00a0\u00bb3168&Prime; alignment=\u00a0\u00bbcenter\u00a0\u00bb][vc_empty_space height=\u00a0\u00bb10px\u00a0\u00bb][vc_btn title=\u00a0\u00bbDemande d&rsquo;informations\u00a0\u00bb align=\u00a0\u00bbcenter\u00a0\u00bb link=\u00a0\u00bburl:http%3A%2F%2Ffrancestat.com%2Findex.php%2Fcontact%2F|title:Demande%20d&rsquo;informations\u00a0\u00bb][vc_empty_space height=\u00a0\u00bb10px\u00a0\u00bb][\/vc_column][vc_column width=\u00a0\u00bb2\/3&Prime;][vc_column_text css=\u00a0\u00bb.vc_custom_1745575702531{background-color: #f4f4f4 !important;}\u00a0\u00bb]Les plans d\u2019exp\u00e9riences sont utilis\u00e9s dans quatre principaux types d&rsquo;investigation : le criblage, la caract\u00e9risation des syst\u00e8mes, l&rsquo;optimisation et les tests de robustesse. Cette formation combine th\u00e9orie, cas d&rsquo;utilisation pertinents et fr\u00e9quentes d\u00e9monstrations utilisant le logiciel MODDE Pro. \u00c0 l&rsquo;issue&hellip;\" \/>\n<meta property=\"og:url\" content=\"https:\/\/francestat.com\/index.php\/elearning-modde\/\" \/>\n<meta property=\"og:site_name\" content=\"FRANCESTAT\" \/>\n<meta property=\"article:modified_time\" content=\"2026-03-10T10:45:27+00:00\" \/>\n<meta name=\"twitter:card\" content=\"summary_large_image\" \/>\n<meta name=\"twitter:label1\" content=\"Dur\u00e9e de lecture estim\u00e9e\" \/>\n\t<meta name=\"twitter:data1\" content=\"3 minutes\" \/>\n<script type=\"application\/ld+json\" class=\"yoast-schema-graph\">{\"@context\":\"https:\\\/\\\/schema.org\",\"@graph\":[{\"@type\":\"WebPage\",\"@id\":\"https:\\\/\\\/francestat.com\\\/index.php\\\/elearning-modde\\\/\",\"url\":\"https:\\\/\\\/francestat.com\\\/index.php\\\/elearning-modde\\\/\",\"name\":\"eLearning MODDE - FRANCESTAT\",\"isPartOf\":{\"@id\":\"https:\\\/\\\/francestat.com\\\/#website\"},\"datePublished\":\"2025-04-25T08:22:11+00:00\",\"dateModified\":\"2026-03-10T10:45:27+00:00\",\"breadcrumb\":{\"@id\":\"https:\\\/\\\/francestat.com\\\/index.php\\\/elearning-modde\\\/#breadcrumb\"},\"inLanguage\":\"fr-FR\",\"potentialAction\":[{\"@type\":\"ReadAction\",\"target\":[\"https:\\\/\\\/francestat.com\\\/index.php\\\/elearning-modde\\\/\"]}]},{\"@type\":\"BreadcrumbList\",\"@id\":\"https:\\\/\\\/francestat.com\\\/index.php\\\/elearning-modde\\\/#breadcrumb\",\"itemListElement\":[{\"@type\":\"ListItem\",\"position\":1,\"name\":\"Accueil\",\"item\":\"https:\\\/\\\/francestat.com\\\/\"},{\"@type\":\"ListItem\",\"position\":2,\"name\":\"eLearning MODDE\"}]},{\"@type\":\"WebSite\",\"@id\":\"https:\\\/\\\/francestat.com\\\/#website\",\"url\":\"https:\\\/\\\/francestat.com\\\/\",\"name\":\"FRANCESTAT\",\"description\":\"Logiciels, formations et services statistiques\",\"publisher\":{\"@id\":\"https:\\\/\\\/francestat.com\\\/#organization\"},\"potentialAction\":[{\"@type\":\"SearchAction\",\"target\":{\"@type\":\"EntryPoint\",\"urlTemplate\":\"https:\\\/\\\/francestat.com\\\/?s={search_term_string}\"},\"query-input\":{\"@type\":\"PropertyValueSpecification\",\"valueRequired\":true,\"valueName\":\"search_term_string\"}}],\"inLanguage\":\"fr-FR\"},{\"@type\":\"Organization\",\"@id\":\"https:\\\/\\\/francestat.com\\\/#organization\",\"name\":\"FRANCESTAT\",\"url\":\"https:\\\/\\\/francestat.com\\\/\",\"logo\":{\"@type\":\"ImageObject\",\"inLanguage\":\"fr-FR\",\"@id\":\"https:\\\/\\\/francestat.com\\\/#\\\/schema\\\/logo\\\/image\\\/\",\"url\":\"https:\\\/\\\/francestat.com\\\/wp-content\\\/uploads\\\/2018\\\/05\\\/logo_horizontal_small_francestat.jpg\",\"contentUrl\":\"https:\\\/\\\/francestat.com\\\/wp-content\\\/uploads\\\/2018\\\/05\\\/logo_horizontal_small_francestat.jpg\",\"width\":155,\"height\":51,\"caption\":\"FRANCESTAT\"},\"image\":{\"@id\":\"https:\\\/\\\/francestat.com\\\/#\\\/schema\\\/logo\\\/image\\\/\"}}]}<\/script>\n<!-- \/ Yoast SEO plugin. -->","yoast_head_json":{"title":"eLearning MODDE - FRANCESTAT","robots":{"index":"index","follow":"follow","max-snippet":"max-snippet:-1","max-image-preview":"max-image-preview:large","max-video-preview":"max-video-preview:-1"},"canonical":"https:\/\/francestat.com\/index.php\/elearning-modde\/","og_locale":"fr_FR","og_type":"article","og_title":"eLearning MODDE - FRANCESTAT","og_description":"[vc_row][vc_column width=\u00a0\u00bb1\/3&Prime;][vc_empty_space][\/vc_column][vc_column width=\u00a0\u00bb2\/3&Prime;][vc_empty_space][\/vc_column][\/vc_row][vc_row][vc_column width=\u00a0\u00bb1\/3&Prime;][vc_single_image image=\u00a0\u00bb3168&Prime; alignment=\u00a0\u00bbcenter\u00a0\u00bb][vc_empty_space height=\u00a0\u00bb10px\u00a0\u00bb][vc_btn title=\u00a0\u00bbDemande d&rsquo;informations\u00a0\u00bb align=\u00a0\u00bbcenter\u00a0\u00bb link=\u00a0\u00bburl:http%3A%2F%2Ffrancestat.com%2Findex.php%2Fcontact%2F|title:Demande%20d&rsquo;informations\u00a0\u00bb][vc_empty_space height=\u00a0\u00bb10px\u00a0\u00bb][\/vc_column][vc_column width=\u00a0\u00bb2\/3&Prime;][vc_column_text css=\u00a0\u00bb.vc_custom_1745575702531{background-color: #f4f4f4 !important;}\u00a0\u00bb]Les plans d\u2019exp\u00e9riences sont utilis\u00e9s dans quatre principaux types d&rsquo;investigation : le criblage, la caract\u00e9risation des syst\u00e8mes, l&rsquo;optimisation et les tests de robustesse. Cette formation combine th\u00e9orie, cas d&rsquo;utilisation pertinents et fr\u00e9quentes d\u00e9monstrations utilisant le logiciel MODDE Pro. \u00c0 l&rsquo;issue&hellip;","og_url":"https:\/\/francestat.com\/index.php\/elearning-modde\/","og_site_name":"FRANCESTAT","article_modified_time":"2026-03-10T10:45:27+00:00","twitter_card":"summary_large_image","twitter_misc":{"Dur\u00e9e de lecture estim\u00e9e":"3 minutes"},"schema":{"@context":"https:\/\/schema.org","@graph":[{"@type":"WebPage","@id":"https:\/\/francestat.com\/index.php\/elearning-modde\/","url":"https:\/\/francestat.com\/index.php\/elearning-modde\/","name":"eLearning MODDE - FRANCESTAT","isPartOf":{"@id":"https:\/\/francestat.com\/#website"},"datePublished":"2025-04-25T08:22:11+00:00","dateModified":"2026-03-10T10:45:27+00:00","breadcrumb":{"@id":"https:\/\/francestat.com\/index.php\/elearning-modde\/#breadcrumb"},"inLanguage":"fr-FR","potentialAction":[{"@type":"ReadAction","target":["https:\/\/francestat.com\/index.php\/elearning-modde\/"]}]},{"@type":"BreadcrumbList","@id":"https:\/\/francestat.com\/index.php\/elearning-modde\/#breadcrumb","itemListElement":[{"@type":"ListItem","position":1,"name":"Accueil","item":"https:\/\/francestat.com\/"},{"@type":"ListItem","position":2,"name":"eLearning MODDE"}]},{"@type":"WebSite","@id":"https:\/\/francestat.com\/#website","url":"https:\/\/francestat.com\/","name":"FRANCESTAT","description":"Logiciels, formations et services statistiques","publisher":{"@id":"https:\/\/francestat.com\/#organization"},"potentialAction":[{"@type":"SearchAction","target":{"@type":"EntryPoint","urlTemplate":"https:\/\/francestat.com\/?s={search_term_string}"},"query-input":{"@type":"PropertyValueSpecification","valueRequired":true,"valueName":"search_term_string"}}],"inLanguage":"fr-FR"},{"@type":"Organization","@id":"https:\/\/francestat.com\/#organization","name":"FRANCESTAT","url":"https:\/\/francestat.com\/","logo":{"@type":"ImageObject","inLanguage":"fr-FR","@id":"https:\/\/francestat.com\/#\/schema\/logo\/image\/","url":"https:\/\/francestat.com\/wp-content\/uploads\/2018\/05\/logo_horizontal_small_francestat.jpg","contentUrl":"https:\/\/francestat.com\/wp-content\/uploads\/2018\/05\/logo_horizontal_small_francestat.jpg","width":155,"height":51,"caption":"FRANCESTAT"},"image":{"@id":"https:\/\/francestat.com\/#\/schema\/logo\/image\/"}}]}},"_links":{"self":[{"href":"https:\/\/francestat.com\/index.php\/wp-json\/wp\/v2\/pages\/6732","targetHints":{"allow":["GET"]}}],"collection":[{"href":"https:\/\/francestat.com\/index.php\/wp-json\/wp\/v2\/pages"}],"about":[{"href":"https:\/\/francestat.com\/index.php\/wp-json\/wp\/v2\/types\/page"}],"author":[{"embeddable":true,"href":"https:\/\/francestat.com\/index.php\/wp-json\/wp\/v2\/users\/1"}],"replies":[{"embeddable":true,"href":"https:\/\/francestat.com\/index.php\/wp-json\/wp\/v2\/comments?post=6732"}],"version-history":[{"count":22,"href":"https:\/\/francestat.com\/index.php\/wp-json\/wp\/v2\/pages\/6732\/revisions"}],"predecessor-version":[{"id":7147,"href":"https:\/\/francestat.com\/index.php\/wp-json\/wp\/v2\/pages\/6732\/revisions\/7147"}],"wp:attachment":[{"href":"https:\/\/francestat.com\/index.php\/wp-json\/wp\/v2\/media?parent=6732"}],"curies":[{"name":"wp","href":"https:\/\/api.w.org\/{rel}","templated":true}]}}